 25. Let m = -50 + 102. What is the highest common factor of i and m?
13
Suppose 11*t + 33 = 12*t. Let s be t/((-1)/(-6) + (-15)/(-72)). Calculate the greatest common factor of s and 8.
8
Suppose 0*s - 40 = -s - 4*r, -104 = -3*s + 4*r. Calculate the highest common factor of 3 and s.
3
Let t(s) = -s**2 - 14*s - 1. Let h be t(-13). Let y be h*(-1 + 9/6). Calculate the greatest common factor of 4 and y.
2
Let p be (1/2)/(3/(-420)). Let f be ((-42)/p)/(1/10). Calculate the greatest common divisor of 3 and f.
3
Suppose 0 = -5*s - 5*z + 195, -2*z - 136 = -3*s - 39. Suppose 4*f = 11*f - s. What is the highest common divisor of 55 and f?
5
Let t be (-4)/(-18) - 3688/(-9). Let u be t/17 + (-16)/136. What is the greatest common divisor of 12 and u?
12
Suppose 190*n - 162 = 181*n. What is the highest common factor of n and 198?
18
Let k be 0 - (0 - 6 - -3). Let r(p) = -4*p - p**3 + p + k - 3 - 2. Let t be r(-2). What is the highest common divisor of 96 and t?
12
Suppose 0 = 5*q - b - 138, 0 = 7*b - 2*b - 10. Suppose -9*u = -7*u. Suppose 3*h - 99 - 111 = u. What is the greatest common factor of q and h?
14
Suppose 300 = 4*x - 5*p, 4*p - 334 = -0*x - 5*x. Let k be (-8)/(-3)*63/6. Calculate the greatest common factor of k and x.
14
Let h(w) = 2*w**2 - 13*w - 1. Let l be h(13). Let s be ((-22)/8)/((-7)/l). Suppose s = 4*v - 2*v. What is the highest common factor of 3 and v?
3
Suppose 46*c - 206*c + 3200 = 0. Calculate the highest common divisor of 380 and c.
20
Let w be (0 - 28277/(-13)) + 50/(-325). What is the highest common factor of w and 50?
25
Let i = 219 + -187. Calculate the highest common factor of i and 416.
32
Let i be 4286/30 + 10/75. What is the highest common factor of 99 and i?
11
Let r(d) = 5*d**2 + 9*d - 9*d**2 + 3*d**2 - 3. Let v be r(7). What is the greatest common factor of v and 22?
11
Suppose -4*d - f = 1 - 15, 3*d = -f + 11. Suppose -7*n + 11*n = 12. Calculate the greatest common factor of n and d.
3
Let o(t) = -16*t + 4. Let w = -34 - -32. Let c be o(w). What is the greatest common divisor of 12 and c?
12
Let b = 996 - 660. Calculate the greatest common factor of 42 and b.
42
Let q = 176 - 163. What is the highest common factor of 377 and q?
13
Let x be 3 - (4/10 + (-96)/(-60)). Suppose 35*n - 70 = 30*n. What is the greatest common factor of x and n?
1
Let s be 1/(-2) + (-322)/(-4). Let l = -217 + 209. Let h be ((-162)/l - (-1)/(-4))/1. Calculate the greatest common divisor of s and h.
20
Suppose -2*g = -6*g - 44. Let a = g - -25. Let q be ((-12)/(-9) - -1)*30. Calculate the greatest common divisor of a and q.
14
Let z be (2/(16/(-150)))/((-45)/120). Let g be 2/7 - 32/14. Let a(y) = 3*y**2 + y. Let x be a(g). Calculate the highest common divisor of x and z.
10
Let r = -1 + 5. Suppose r*p + 0*p - 324 = 0. Let c be -4 - -2*(-1)/((-10)/155). What is the highest common factor of c and p?
27
Let p = 18 + -7. Let b be (-1)/(-4) - 1185/(-12). Calculate the highest common factor of b and p.
11
Let y = 0 + 11. Let m = -7 + y. Suppose 5*h - 35 = -4*g, 3*g - 1 - 64 = m*h. What is the highest common divisor of 10 and g?
5
Let v be (-33)/(-22) - (-2)/4. Suppose j + 16 = v*j. What is the greatest common divisor of j and 16?
16
Let o = 200 + -196. Let v(i) = 2*i**2 + 2*i - 2. Let b be v(-3). What is the greatest common divisor of o and b?
2
Suppose 17 = -2*o + 23. Suppose -u = o*x - 369, -2*u = 3*u. What is the greatest common divisor of 41 and x?
41
Suppose 7 = 2*a + 1. Let o be (-2)/a - (-70)/(-21). Let g be -4*2/o*6. What is the greatest common divisor of g and 24?
12
Let p be ((-7)/((-84)/(-64)))/((-1)/3). What is the highest common factor of 80 and p?
16
Let x be 2/(-6)*-9 + 3 - -4. Calculate the highest common divisor of x and 115.
5
Let r = 58 - 46. Let u be 124/r - 5/15. Suppose 3*j = 8*j - 20. Calculate the greatest common divisor of u and j.
2
Suppose -4*j = 4*z - 279 + 75, 0 = 5*j + z - 235. Let t be (-139 + 1)*-5*2/20. Calculate the highest common factor of t and j.
23
Suppose 5*s - 503 - 377 = 0. What is the greatest common divisor of s and 11?
11
Suppose -b - 3 + 4 = 0. Suppose -b = -3*a - y, a = 3*y - y + 12. Suppose -a = 2*c - 3*c. Calculate the highest common divisor of c and 3.
1
Suppose -r - 2 = -7. Let g(t) = -2*t**2 - 9*t + 14. Let a(q) = q**2 + q. Let h(i) = a(i) + g(i). Let x be h(-9). Calculate the highest common factor of x and r.
5
Let h(w) = -w**2 + 17*w + 8. Let p be h(3). What is the highest common factor of p and 70?
10
Let a be 2 - 28/8 - (-228)/8. Suppose -4*f + 115 = 5*v, 2*f + 30 = -3*v + 101. What is the greatest common divisor of a and v?
27
Let x = -59 + 72. Let f = 30 - -9. Calculate the highest common divisor of f and x.
13
Suppose s + 29 = 36. Let r = 17 - 10. Calculate the greatest common factor of r and s.
7
Let n be (3/(-1) - -3)*-1. Suppose n = -2*p - 3*p - 20, -4*p - 76 = 5*f. Let i be (-81)/f + 1/4. Calculate the highest common factor of 56 and i.
7
Let h = 2084 + -2083. What is the highest common factor of 26 and h?
1
Let s(o) = 55*o - 886. Let l be s(17). What is the highest common divisor of l and 7?
7
Let p be 16/(4/(8 + 6 + 0)). Calculate the highest common divisor of p and 203.
7
Suppose -6*b - 892 = -3412. Calculate the greatest common factor of b and 40.
20
Suppose 7*a = 5*z + 2*a - 20, 14 = -z - 5*a. Let j be ((-1002)/(-4))/(z/2). Let y be 2/(-5) + j/15. What is the greatest common divisor of 11 and y?
11
Let u be (-52 - -97)*26/3. What is the highest common divisor of u and 20?
10
Suppose -5*l = -4*j + 20, -j - 2*l - 11 + 3 = 0. Suppose -2*p = -j*p - 2. Let d be p/(-2) + 189/14. What is the highest common divisor of d and 13?
13
Let k(x) = 2*x**2 - 14*x - 110. Let s be k(15). What is the highest common divisor of 20 and s?
10
Suppose 2*o - 5 = -1. Let m be -32*o/(-8)*(10 - 8). What is the greatest common factor of 32 and m?
16
Let c(g) = 25*g - 120. Let k be c(8). What is the highest common divisor of k and 200?
40
Let b = 6 + -3. Let l(r) = 26*r + b - 38*r - 4. Let x be l(-1). What is the greatest common factor of 11 and x?
11
Let t = 348 + -180. Suppose -159 = v - t. Let i = 20 - 11. What is the highest common factor of i and v?
9
Let s(n) = -n. Let j(h) = 2*h**2 + 10*h + 9. Let p(u) = -j(u) + 2*s(u). Let r be p(-5). Calculate the highest common divisor of 11 and r.
1
Suppose -5*u = -u - 168. Suppose 0 = -9*v + 107*v - 10290. Calculate the greatest common factor of u and v.
21
Let w be 7/5*(-10)/(-2). Calculate the greatest common factor of w and 49.
7
Suppose -5*r + 17 = -13. Let a(c) = 3*c**2 - 2*c + 8. Let i be a(r). Calculate the greatest common divisor of 13 and i.
13
Suppose 25 = -5*s, -4*i - s + 96 = -23. Let g = 46 - i. Suppose -3*d + 24 = -21. What is the greatest common factor of g and d?
15
Let u(y) = 32*y + 2. Let a be u(5). Let q = -470 + 488. Calculate the greatest common divisor of q and a.
18
Let p = -19 - -19. Suppose -h = -3*c - 3*h + 116, p = 5*h + 10. Let o = 126 + -66. Calculate the greatest common factor of c and o.
20
Suppose 83 + 512 = 5*r. Calculate the highest common divisor of 34 and r.
17
Suppose 5*o + 0 = 3*c + 6, 0 = 3*o + 2*c + 4. Let q(z) = -z + 175. Let n be q(o). Suppose -11*u = -16*u + n. Calculate the highest common factor of u and 5.
5
Suppose -4 = -h + 3*h, 2*c = 4*h + 24. What is the greatest common divisor of 244 and c?
4
Let x = 15 + 0. Let c(g) = -3*g - 6*g + 0*g**3 + 6*g + g**3 + 5*g**2. Let s be c(-5). What is the greatest common divisor of s and x?
15
Suppose 2*d = 4*t - 0*d - 6, 4 = -4*t + 4*d. Suppose t*u = -5 - 27. Let q = -5 - u. Calculate the highest common divisor of q and 3.
3
Suppose 2*l - 5*l + 246 = 3*p, 0 = 2*p - l - 158. Suppose -5*r - p = -0*r. Let a = r + 19. What is the highest common factor of a and 33?
3
Suppose -p - 12 = -16. Suppose -4*n + 184 = p*s, 2*n - s - s = 112. What is the highest common divisor of n and 17?
17
Let f be 15/(-9)*-3 - -1. Suppose -3*x + f = -0*x. Let i(l) = -2*l**3 - 3*l**2 + 4*l - 1. Let a be i(-3). Calculate the highest common factor of x and a.
2
Suppose -k - 30 + 9 = 5*u, 0 = 4*k + u - 11. Let v(f) = f**2 - 3*f - 5. Let m be v(k). Let w be (4/(-10))/(m/5). What is the highest common factor of w and 16?
2
Suppose 4*u - 435 = -159. Suppose 5*k + 3*b = u, -9 = -k + 4*b - 3*b. What is the greatest comm